{"id":6394,"date":"2025-02-04T13:46:53","date_gmt":"2025-02-04T13:46:53","guid":{"rendered":"https:\/\/imaxinaria.afundacion.org\/?page_id=6394"},"modified":"2026-02-25T16:52:08","modified_gmt":"2026-02-25T16:52:08","slug":"joanna-quinn","status":"publish","type":"page","link":"https:\/\/imaxinaria.afundacion.org\/gl\/joanna-quinn\/","title":{"rendered":"Joanna Quinn"},"content":{"rendered":"\t\t<div data-elementor-type=\"wp-page\" data-elementor-id=\"6394\" class=\"elementor elementor-6394 elementor-6392\" data-elementor-post-type=\"page\">\n\t\t\t\t\t\t<section class=\"elementor-section elementor-top-section elementor-element elementor-element-f993431 elementor-section-full_width elementor-section-height-min-height elementor-section-height-default elementor-section-items-middle\" data-id=\"f993431\" data-element_type=\"section\" data-settings=\"{&quot;background_background&quot;:&quot;video&quot;,&quot;background_video_link&quot;:&quot;https:\\\/\\\/youtu.be\\\/wK686HNh2W0&quot;,&quot;background_video_start&quot;:0,&quot;background_video_end&quot;:16,&quot;background_play_on_mobile&quot;:&quot;yes&quot;}\">\n\t\t\t\t\t\t\t\t<div class=\"elementor-background-video-container\" aria-hidden=\"true\">\n\t\t\t\t\t\t\t\t\t\t\t\t\t<div class=\"elementor-background-video-embed\"><\/div>\n\t\t\t\t\t\t\t\t\t\t\t\t<\/div>\n\t\t\t\t\t\t\t\t<div class=\"elementor-container elementor-column-gap-default\">\n\t\t\t\t\t<div class=\"elementor-column elementor-col-100 elementor-top-column elementor-element elementor-element-d268cce\" data-id=\"d268cce\" data-element_type=\"column\">\n\t\t\t<div class=\"elementor-widget-wrap\">\n\t\t\t\t\t\t\t<\/div>\n\t\t<\/div>\n\t\t\t\t\t<\/div>\n\t\t<\/section>\n\t\t\t\t<section class=\"elementor-section elementor-top-section elementor-element elementor-element-1f7c738 elementor-section-boxed elementor-section-height-default elementor-section-height-default\" data-id=\"1f7c738\" data-element_type=\"section\">\n\t\t\t\t\t\t<div class=\"elementor-container elementor-column-gap-default\">\n\t\t\t\t\t<div class=\"elementor-column elementor-col-100 elementor-top-column elementor-element elementor-element-1008802\" data-id=\"1008802\" data-element_type=\"column\">\n\t\t\t<div class=\"elementor-widget-wrap elementor-element-populated\">\n\t\t\t\t\t\t<section class=\"elementor-section elementor-inner-section elementor-element elementor-element-cf83e3d elementor-section-boxed elementor-section-height-default elementor-section-height-default\" data-id=\"cf83e3d\" data-element_type=\"section\">\n\t\t\t\t\t\t<div class=\"elementor-container elementor-column-gap-default\">\n\t\t\t\t\t<div class=\"elementor-column elementor-col-50 elementor-inner-column elementor-element elementor-element-ed95795\" data-id=\"ed95795\" data-element_type=\"column\">\n\t\t\t<div class=\"elementor-widget-wrap elementor-element-populated\">\n\t\t\t\t\t\t<div class=\"elementor-element elementor-element-12cb002 elementor-widget elementor-widget-image\" data-id=\"12cb002\" data-element_type=\"widget\" data-widget_type=\"image.default\">\n\t\t\t\t<div class=\"elementor-widget-container\">\n\t\t\t\t\t\t\t\t\t\t\t\t\t\t\t\t<a href=\"https:\/\/imaxinaria.afundacion.org\/wp-content\/uploads\/2025\/02\/web-imaxinaria-festival-2025-invitados-joanna-quinn-2.jpg\" data-elementor-open-lightbox=\"yes\" data-elementor-lightbox-title=\"Web Imaxinaria Festival 2025 Invitados Joanna Quinn 2\" data-e-action-hash=\"#elementor-action%3Aaction%3Dlightbox%26settings%3DeyJpZCI6NjUyOSwidXJsIjoiaHR0cHM6XC9cL2ltYXhpbmFyaWEuYWZ1bmRhY2lvbi5vcmdcL3dwLWNvbnRlbnRcL3VwbG9hZHNcLzIwMjVcLzAyXC93ZWItaW1heGluYXJpYS1mZXN0aXZhbC0yMDI1LWludml0YWRvcy1qb2FubmEtcXVpbm4tMi5qcGcifQ%3D%3D\">\n\t\t\t\t\t\t\t<img fetchpriority=\"high\" decoding=\"async\" width=\"800\" height=\"800\" src=\"https:\/\/imaxinaria.afundacion.org\/wp-content\/uploads\/2025\/02\/web-imaxinaria-festival-2025-invitados-joanna-quinn-2.jpg\" class=\"attachment-full size-full wp-image-6529\" alt=\"\" srcset=\"https:\/\/imaxinaria.afundacion.org\/wp-content\/uploads\/2025\/02\/web-imaxinaria-festival-2025-invitados-joanna-quinn-2.jpg 800w, https:\/\/imaxinaria.afundacion.org\/wp-content\/uploads\/2025\/02\/web-imaxinaria-festival-2025-invitados-joanna-quinn-2-300x300.jpg 300w, https:\/\/imaxinaria.afundacion.org\/wp-content\/uploads\/2025\/02\/web-imaxinaria-festival-2025-invitados-joanna-quinn-2-150x150.jpg 150w, https:\/\/imaxinaria.afundacion.org\/wp-content\/uploads\/2025\/02\/web-imaxinaria-festival-2025-invitados-joanna-quinn-2-768x768.jpg 768w\" sizes=\"(max-width: 800px) 100vw, 800px\" \/>\t\t\t\t\t\t\t\t<\/a>\n\t\t\t\t\t\t\t\t\t\t\t\t\t\t\t<\/div>\n\t\t\t\t<\/div>\n\t\t\t\t<div class=\"elementor-element elementor-element-71bc120 elementor-widget elementor-widget-text-editor\" data-id=\"71bc120\" data-element_type=\"widget\" data-widget_type=\"text-editor.default\">\n\t\t\t\t<div class=\"elementor-widget-container\">\n\t\t\t\t\t\t\t\t\t<p>Cedida por Joanna Quinn<\/p>\n\t\t\t\t\t\t\t\t<\/div>\n\t\t\t\t<\/div>\n\t\t\t\t\t<\/div>\n\t\t<\/div>\n\t\t\t\t<div class=\"elementor-column elementor-col-50 elementor-inner-column elementor-element elementor-element-d1b5565\" data-id=\"d1b5565\" data-element_type=\"column\">\n\t\t\t<div class=\"elementor-widget-wrap elementor-element-populated\">\n\t\t\t\t\t\t<div class=\"elementor-element elementor-element-ee145ad elementor-widget elementor-widget-heading\" data-id=\"ee145ad\" data-element_type=\"widget\" data-widget_type=\"heading.default\">\n\t\t\t\t<div class=\"elementor-widget-container\">\n\t\t\t\t\t<h2 class=\"elementor-heading-title elementor-size-default\">JOANNA QUINN<\/h2>\t\t\t\t<\/div>\n\t\t\t\t<\/div>\n\t\t\t\t<div class=\"elementor-element elementor-element-476cfa1 elementor-widget elementor-widget-text-editor\" data-id=\"476cfa1\" data-element_type=\"widget\" data-widget_type=\"text-editor.default\">\n\t\t\t\t<div class=\"elementor-widget-container\">\n\t\t\t\t\t\t\t\t\t\u00c9 unha figura destacada da animaci\u00f3n cinematogr\u00e1fica, reco\u00f1ecida internacionalmente polo estilo persoal das s\u00faas obras, nas que destaca o seu talento excepcional para o debuxo e a creaci\u00f3n de animaci\u00f3ns din\u00e1micas e cheas de vitalidade. Recibiu m\u00e1is de 90 premios nos festivais m\u00e1is prestixiosos do mundo, inclu\u00edndo os Emmy e BAFTA. As s\u00faas curtametraxes m\u00e1is emblem\u00e1ticas est\u00e1n protagonizadas por Beryl, un ic\u00f3nico personaxe de animaci\u00f3n feminista, que tam\u00e9n d\u00e1 nome \u00e1 s\u00faa produtora independente. Tres das s\u00faas pel\u00edculas, Famous Fred (1996), The Wife of Bath (1988) e Affairs of the Art (2021) foron nomeadas aos Premios Oscar.<br><br>Naceu en Birmingham, Inglaterra, e estudou arte no Goldsmiths College antes de obter un Bachelor of Arts en dese\u00f1o gr\u00e1fico na Universidade de Middlesex. A s\u00faa primeira pel\u00edcula, Girl\u2019s Night Out (1986), ga\u00f1ou tres premios no festival de Annecy e deu lle reco\u00f1ecemento internacional. Dende ent\u00f3n, a s\u00faa obra foi obxecto de retrospectivas en todo o mundo. En 2013 foi nomeada Laureada en Animaci\u00f3n por ASIFA Internacional.<br><br>Quinn \u00e9, ademais, unha docente destacada que imparte cursos de animaci\u00f3n a nivel internacional. \u00c9 Membro Honorario do Royal College of Art de Londres e da Universidade de Gales, ademais de Doutora Honoris Causa pola Universidade de Middlesex, Londres e Wolverhampton.\t\t\t\t\t\t\t\t<\/div>\n\t\t\t\t<\/div>\n\t\t\t\t\t<\/div>\n\t\t<\/div>\n\t\t\t\t\t<\/div>\n\t\t<\/section>\n\t\t\t\t\t<\/div>\n\t\t<\/div>\n\t\t\t\t\t<\/div>\n\t\t<\/section>\n\t\t\t\t<\/div>\n\t\t","protected":false},"excerpt":{"rendered":"<p>Cedida por Joanna Quinn JOANNA QUINN \u00c9 unha figura destacada da animaci\u00f3n cinematogr\u00e1fica, reco\u00f1ecida internacionalmente polo estilo persoal das s\u00faas obras, nas que destaca o seu talento excepcional para o debuxo e a creaci\u00f3n de animaci\u00f3ns din\u00e1micas e cheas de vitalidade. Recibiu m\u00e1is de 90 premios nos festivais m\u00e1is prestixiosos do mundo, inclu\u00edndo os Emmy [&hellip;]<\/p>\n","protected":false},"author":2,"featured_media":0,"parent":0,"menu_order":0,"comment_status":"closed","ping_status":"closed","template":"","meta":{"footnotes":""},"class_list":["post-6394","page","type-page","status-publish","hentry"],"_links":{"self":[{"href":"https:\/\/imaxinaria.afundacion.org\/gl\/wp-json\/wp\/v2\/pages\/6394","targetHints":{"allow":["GET"]}}],"collection":[{"href":"https:\/\/imaxinaria.afundacion.org\/gl\/wp-json\/wp\/v2\/pages"}],"about":[{"href":"https:\/\/imaxinaria.afundacion.org\/gl\/wp-json\/wp\/v2\/types\/page"}],"author":[{"embeddable":true,"href":"https:\/\/imaxinaria.afundacion.org\/gl\/wp-json\/wp\/v2\/users\/2"}],"replies":[{"embeddable":true,"href":"https:\/\/imaxinaria.afundacion.org\/gl\/wp-json\/wp\/v2\/comments?post=6394"}],"version-history":[{"count":6,"href":"https:\/\/imaxinaria.afundacion.org\/gl\/wp-json\/wp\/v2\/pages\/6394\/revisions"}],"predecessor-version":[{"id":10752,"href":"https:\/\/imaxinaria.afundacion.org\/gl\/wp-json\/wp\/v2\/pages\/6394\/revisions\/10752"}],"wp:attachment":[{"href":"https:\/\/imaxinaria.afundacion.org\/gl\/wp-json\/wp\/v2\/media?parent=6394"}],"curies":[{"name":"wp","href":"https:\/\/api.w.org\/{rel}","templated":true}]}}

<div data-elementor-type="wp-page" data-elementor-id="6394" class="elementor elementor-6394 elementor-6392" data-elementor-post-type="page">
						<section class="elementor-section elementor-top-section elementor-element elementor-element-f993431 elementor-section-full_width elementor-section-height-min-height elementor-section-height-default elementor-section-items-middle" data-id="f993431" data-element_type="section" data-settings="{&quot;background_background&quot;:&quot;video&quot;,&quot;background_video_link&quot;:&quot;https:\/\/youtu.be\/wK686HNh2W0&quot;,&quot;background_video_start&quot;:0,&quot;background_video_end&quot;:16,&quot;background_play_on_mobile&quot;:&quot;yes&quot;}">
								<div class="elementor-background-video-container" aria-hidden="true">
													<div class="elementor-background-video-embed"></div>
												</div>
								<div class="elementor-container elementor-column-gap-default">
					<div class="elementor-column elementor-col-100 elementor-top-column elementor-element elementor-element-d268cce" data-id="d268cce" data-element_type="column">
			<div class="elementor-widget-wrap">
							</div>
		</div>
					</div>
		</section>
				<section class="elementor-section elementor-top-section elementor-element elementor-element-1f7c738 elementor-section-boxed elementor-section-height-default elementor-section-height-default" data-id="1f7c738" data-element_type="section">
						<div class="elementor-container elementor-column-gap-default">
					<div class="elementor-column elementor-col-100 elementor-top-column elementor-element elementor-element-1008802" data-id="1008802" data-element_type="column">
			<div class="elementor-widget-wrap elementor-element-populated">
						<section class="elementor-section elementor-inner-section elementor-element elementor-element-cf83e3d elementor-section-boxed elementor-section-height-default elementor-section-height-default" data-id="cf83e3d" data-element_type="section">
						<div class="elementor-container elementor-column-gap-default">
					<div class="elementor-column elementor-col-50 elementor-inner-column elementor-element elementor-element-ed95795" data-id="ed95795" data-element_type="column">
			<div class="elementor-widget-wrap elementor-element-populated">
						<div class="elementor-element elementor-element-12cb002 elementor-widget elementor-widget-image" data-id="12cb002" data-element_type="widget" data-widget_type="image.default">
				<div class="elementor-widget-container">
																<a href="https://imaxinaria.afundacion.org/wp-content/uploads/2025/02/web-imaxinaria-festival-2025-invitados-joanna-quinn-2.jpg" data-elementor-open-lightbox="yes" data-elementor-lightbox-title="Web Imaxinaria Festival 2025 Invitados Joanna Quinn 2" data-e-action-hash="#elementor-action%3Aaction%3Dlightbox%26settings%3DeyJpZCI6NjUyOSwidXJsIjoiaHR0cHM6XC9cL2ltYXhpbmFyaWEuYWZ1bmRhY2lvbi5vcmdcL3dwLWNvbnRlbnRcL3VwbG9hZHNcLzIwMjVcLzAyXC93ZWItaW1heGluYXJpYS1mZXN0aXZhbC0yMDI1LWludml0YWRvcy1qb2FubmEtcXVpbm4tMi5qcGcifQ%3D%3D">
							<img fetchpriority="high" decoding="async" width="800" height="800" src="https://imaxinaria.afundacion.org/wp-content/uploads/2025/02/web-imaxinaria-festival-2025-invitados-joanna-quinn-2.jpg" class="attachment-full size-full wp-image-6529" alt="" srcset="https://imaxinaria.afundacion.org/wp-content/uploads/2025/02/web-imaxinaria-festival-2025-invitados-joanna-quinn-2.jpg 800w, https://imaxinaria.afundacion.org/wp-content/uploads/2025/02/web-imaxinaria-festival-2025-invitados-joanna-quinn-2-300x300.jpg 300w, https://imaxinaria.afundacion.org/wp-content/uploads/2025/02/web-imaxinaria-festival-2025-invitados-joanna-quinn-2-150x150.jpg 150w, https://imaxinaria.afundacion.org/wp-content/uploads/2025/02/web-imaxinaria-festival-2025-invitados-joanna-quinn-2-768x768.jpg 768w" sizes="(max-width: 800px) 100vw, 800px" />								</a>
															</div>
				</div>
				<div class="elementor-element elementor-element-71bc120 elementor-widget elementor-widget-text-editor" data-id="71bc120" data-element_type="widget" data-widget_type="text-editor.default">
				<div class="elementor-widget-container">
									<p>Cedida por Joanna Quinn</p>
								</div>
				</div>
					</div>
		</div>
				<div class="elementor-column elementor-col-50 elementor-inner-column elementor-element elementor-element-d1b5565" data-id="d1b5565" data-element_type="column">
			<div class="elementor-widget-wrap elementor-element-populated">
						<div class="elementor-element elementor-element-ee145ad elementor-widget elementor-widget-heading" data-id="ee145ad" data-element_type="widget" data-widget_type="heading.default">
				<div class="elementor-widget-container">
					<h2 class="elementor-heading-title elementor-size-default">JOANNA QUINN</h2>				</div>
				</div>
				<div class="elementor-element elementor-element-476cfa1 elementor-widget elementor-widget-text-editor" data-id="476cfa1" data-element_type="widget" data-widget_type="text-editor.default">
				<div class="elementor-widget-container">
									É unha figura destacada da animación cinematográfica, recoñecida internacionalmente polo estilo persoal das súas obras, nas que destaca o seu talento excepcional para o debuxo e a creación de animacións dinámicas e cheas de vitalidade. Recibiu máis de 90 premios nos festivais máis prestixiosos do mundo, incluíndo os Emmy e BAFTA. As súas curtametraxes máis emblemáticas están protagonizadas por Beryl, un icónico personaxe de animación feminista, que tamén dá nome á súa produtora independente. Tres das súas películas, Famous Fred (1996), The Wife of Bath (1988) e Affairs of the Art (2021) foron nomeadas aos Premios Oscar.<br><br>Naceu en Birmingham, Inglaterra, e estudou arte no Goldsmiths College antes de obter un Bachelor of Arts en deseño gráfico na Universidade de Middlesex. A súa primeira película, Girl’s Night Out (1986), gañou tres premios no festival de Annecy e deu lle recoñecemento internacional. Dende entón, a súa obra foi obxecto de retrospectivas en todo o mundo. En 2013 foi nomeada Laureada en Animación por ASIFA Internacional.<br><br>Quinn é, ademais, unha docente destacada que imparte cursos de animación a nivel internacional. É Membro Honorario do Royal College of Art de Londres e da Universidade de Gales, ademais de Doutora Honoris Causa pola Universidade de Middlesex, Londres e Wolverhampton.								</div>
				</div>
					</div>
		</div>
					</div>
		</section>
					</div>
		</div>
					</div>
		</section>
				</div>

<p>Cedida por Joanna Quinn JOANNA QUINN É unha figura destacada da animación cinematográfica, recoñecida internacionalmente polo estilo persoal das súas obras, nas que destaca o seu talento excepcional para o debuxo e a creación de animacións dinámicas e cheas de vitalidade. Recibiu máis de 90 premios nos festivais máis prestixiosos do mundo, incluíndo os Emmy [&hellip;]</p>
